se 392*d + 4*l - 28605 = 389*d, l - 6 = 0. What is the tens digit of d?
2
Let y(f) = -f**3 + 2*f**2 + 6*f - 7. Let t be y(3). Let u(l) = 0*l + l**3 + 4*l**2 + 16 - 3*l**t - 2*l - 3*l**2. What is the tens digit of u(4)?
4
Let a(i) = 7*i**3 + 2*i**2 - 20*i + 72. What is the thousands digit of a(15)?
3
Suppose -7*w + 19 = -2. Let b(q) = 0*q + 2*q - 2 - w*q. What is the units digit of b(-6)?
4
What is the tens digit of 8*44769/24 - -7?
3
Suppose 5*t + 45837 + 84053 = 5*x, 2*x - 51992 = -4*t. What is the ten thousands digit of x?
2
Suppose -7*c - 114 = -c. Let p(l) = -l**2 - 20*l - 17. Let o be p(c). Suppose -154 = -o*s + 46. What is the hundreds digit of s?
1
Let g(l) = 3*l - 26 - 37 + l + 46 - 17. Let o be 448/21 + 2/3. What is the tens digit of g(o)?
5
Let g be (-2)/((-1)/(-7) - 24/21). Suppose -q = -2*o - 4*q + 456, -g*q = -4. What is the hundreds digit of o?
2
Let b = -32 - -33. Let g be (-45 + -485)*(b - (-3)/(-2)). Suppose -v = -g + 32. What is the units digit of v?
3
Let g be 2 - 182/(-12) - (-3)/(-18). Suppose 0 = g*s - 586 + 144. What is the units digit of s?
6
Suppose b = -4*f - 1, -3*f + 5 = -5*b - 23. Let g(j) = j - 1. Let w be g(f). Suppose w = 3*m - 20 + 8. What is the units digit of m?
4
What is the thousands digit of (0 - (-8)/36) + (11896660/(-36))/(-19)?
7
Let k(q) be the first derivative of -2*q**3/3 - 13*q**2/2 - 7*q + 8. Suppose 18 = -3*w - 3*h, 0*h - 1 = h. What is the units digit of k(w)?
8
Let l be 1*(3 + -3) - 0. Suppose l = -j - 3*j - 2*q + 6, 0 = 2*q + 2. Suppose k - 3*v - 98 = 105, -2*k = j*v - 438. What is the tens digit of k?
1
Let g be 136*1/(-2) + (-5 - -2). Let i = g + 87. What is the units digit of i?
6
Let x = 6140 + 4415. What is the tens digit of x?
5
Let f = -80 - 13. Let l = f - -321. What is the units digit of l?
8
Suppose 3*r = 67*r - 257344. What is the units digit of r?
1
Let f be (-462)/(-70) + (-4)/30*-3. Let d(m) = 2*m**3 - 12*m**2 + 14*m + 1. What is the tens digit of d(f)?
9
Let n(l) = -4813*l - 1137. What is the tens digit of n(-8)?
6
Suppose 2*t - 3*u + 75 = 31, 2*t - 5*u = -52. What is the tens digit of 45/12 - 3 - 15300/t?
5
What is the units digit of (-2*3086)/(-2) + (-17 - -25)?
4
Let u be (-50)/2*(-16)/40. What is the hundreds digit of 482/3*(u + 170/(-20))?
2
What is the tens digit of 62/(-31) - (-6 + 96848/(-4))?
1
Suppose 0 = 3*b + 6*b + 9. What is the units digit of b/(2/(-64))*(-73)/(-4)?
4
Let g(m) = 28*m**2 - 9*m - 28. Let p be g(-2). Let f = p + 574. What is the units digit of f?
6
Suppose -5*s + 40 = -7*s. Let q = s - -23. Suppose 4*i = 2*b + 98, -q*b = -3*i - 0*i + 81. What is the tens digit of i?
2
Suppose -10 = -3*n + 6*n + 5*q, 5*n + 3*q - 10 = 0. Suppose -20 = -n*r + r. Suppose 3*u = r*u - 92. What is the tens digit of u?
4
Suppose -p + 11*p + 920 = 0. Let z = 87 + p. Let a(o) = 6*o**2 - 10*o. What is the hundreds digit of a(z)?
2
Let k = 0 - -12. Let g be -19 + (-3)/(k/8). What is the hundreds digit of 1157/7 - (-6)/g?
1
Let k(d) = 662*d**2 - 10*d - 4. What is the tens digit of k(-3)?
8
Let n = 30568 - 13237. What is the tens digit of n?
3
Let f(g) = 2858*g**3 - g**2 + g + 1. Let l be f(1). Suppose -10*i = 729 - l. What is the hundreds digit of i?
2
Let s be -60*((-3)/(-1) + 2/4). Let h = 349 + s. Let g = h - 38. What is the tens digit of g?
0
Suppose -z - 3*y + 550 = 0, 18*z - 14*z + y - 2167 = 0. Let d = z - 137. What is the hundreds digit of d?
4
Let k = 202 + 779. Suppose 1229 = 13*g - k. What is the hundreds digit of g?
1
What is the thousands digit of -20*(10/(-4))/((-296)/(-109076))?
8
Let p = -97 + 114. Suppose -p*m + 15 = -12*m. Suppose -5*v = -m*v - 70. What is the units digit of v?
5
What is the ten thousands digit of 0 - -1 - (-6 - (7 + 27103 - 4))?
2
Suppose 4*j = -5*n + 7145, -4*n + 2*j + 7082 - 1392 = 0. Suppose 0 = 5*h + 3*d - n, 4*h + 3*d - 1198 = -61. What is the tens digit of h?
8
Suppose 0 = 86*j + 16*j - 62055 - 13425. What is the tens digit of j?
4
What is the tens digit of ((-8 - (-20 - -5)) + 638)*3?
3
Let p(l) = -9*l + 1008. What is the tens digit of p(79)?
9
Let b(g) = -15*g + 5 - 14 + 12 - 2*g. Let y be b(-9). Suppose y = 2*t - 0*t. What is the tens digit of t?
7
Let q be (0 - -9)*(-3)/2*-202. Suppose 0 = 5*h + 2*j - q, 3*h - 5*j + 1095 = 5*h. What is the hundreds digit of h?
5
Let z(x) = 3*x**2 + 7*x + 3. Suppose 0 = -0*o - 4*o - 2*p - 16, -2*p + 19 = -3*o. What is the tens digit of z(o)?
4
Let c(j) = j + 5. Let p be c(2). Suppose -p*x - 736 = 321. Let b = x + 326. What is the units digit of b?
5
Let r = -10442 - -19125. What is the units digit of r?
3
Let v = -77 + 3. Let l = 77 + v. What is the units digit of (4 - 38)/(47/(-15) + l)?
5
Let m(a) = -2*a - 29. Let i be m(-19). Let c(b) = -b + 12. Let t be c(i). Suppose -4*n + 5*l = 2*l - 677, 2*n - 337 = t*l. What is the units digit of n?
0
Suppose 11*m - 49*m + 8*m = -517110. What is the hundreds digit of m?
2
Let y = -7834 - -15994. What is the units digit of y?
0
Let w = 14235 + -12223. What is the tens digit of w?
1
Suppose 10 = 3*d - 8*d, -4*m + 4*d = -68. Let f = m + -61. Let q = f - -47. What is the units digit of q?
1
What is the tens digit of (-4)/((10/(-135420))/(5/20))?
4
What is the units digit of -1 + 22 + -8 + 2335?
8
Let u be 882/(-36)*204/(-7). Let c = -494 + u. What is the hundreds digit of c?
2
Suppose -5*d - 14753 = -25*t + 22*t, -4*d - 4920 = -t. What is the hundreds digit of t?
9
Suppose d = -k + 2910, -k + 3*d = -0*d - 2914. Let w = k + -1248. What is the units digit of w?
3
Let k(i) = -54*i**3 + 17*i**2 - 3*i + 34. Let c(a) = 19*a**3 - 6*a**2 + a - 11. Let d(t) = 17*c(t) + 6*k(t). What is the units digit of d(0)?
7
Let b be -8*(-25 - (6 - 2)). Let q = 108 + b. What is the tens digit of q?
4
Let h = -19108 + 53838. What is the units digit of h?
0
What is the thousands digit of (-2248 - 2)*(57 + -60)?
6
Let z = 235 + 109. Suppose 0 = l - z + 143. What is the units digit of l?
1
Suppose 16*g - 24*g - 507500 = -37*g. What is the hundreds digit of g?
5
Suppose 13*f + 56 = -48. Let a(t) = -t**3 - 2*t**2 - 9*t - 27. What is the units digit of a(f)?
9
Suppose -3*v + 28 = n, 5*v = 4*n + 27 - 3. Suppose -430 = -v*k - 118. What is the tens digit of k?
3
Let s = 72 + -6. Suppose 18*k = r + 14*k - 29, 4*r = -k + 150. Let v = s - r. What is the units digit of v?
9
Let u(a) = a**3 + 5*a**2 + 3*a - 16. Let m be u(-4). Let f be 3/(0 - 9/m). Suppose 3*q + 93 = h, 9*h = f*h + 2*q + 491. What is the units digit of h?
9
Let m = 581 - 654. Let p be (-768)/(-5) + 2/5. Let x = p + m. What is the tens digit of x?
8
Let b = 93 - 73. Let x be (b/(-24))/((-92)/(-24) - 4). What is the units digit of (-20)/(-6)*(x - 2)?
0
Let p = 3909 - 2113. What is the hundreds digit of p?
7
Let b(v) = -v + 1. Let k = -60 - -58. Let j be b(k). Suppose -c = -2*c + j*n + 125, 4*c + 5*n - 551 = 0. What is the units digit of c?
4
Let j = -294 + 282. What is the hundreds digit of j/8 - 2322/(-12)?
1
Let f = -204 + 1971. What is the hundreds digit of f?
7
Let y = -1602 + 7238. What is the units digit of y?
6
What is the tens digit of ((-9)/4)/(2114088/192192 - 11)?
1
Let p(c) = 105*c**2 + 33*c + 9. Let t(m) = 1 + 3*m + 26*m**2 + 9*m + 1 - 4*m. Let n(u) = -2*p(u) + 9*t(u). What is the hundreds digit of n(3)?
2
Let h = 12138 + -4531. What is the thousands digit of h?
7
Let a(h) = -h**2 + 17*h + 3. Let k be (34/(-8))/(13/(-52)). Let n be a(k). What is the tens digit of ((-2)/n)/(2*2/(-588))?
9
Let u(f) = 12*f**2 - 12*f + 24. Suppose 12*b - b = 55. What is the units digit of u(b)?
4
Let p(k) = 10*k**2 - 4*k**3 - 5*k**2 + 5*k - 1 - 2*k**2. Suppose -3*c = -c + 6. What is the hundreds digit of p(c)?
1
Let y be -3*2/6 - 3. Let a be (120/(-35))/y*7. What is the units digit of -2 + -3 - a*-25?
5
Let k = 70 + -67. Suppose t + 16 = l - k*t, -3 = -3*t. What is the tens digit of l?
2
Suppose 0 = 3*u - j - 1, -4*u + 4*j - 14 + 2 = 0. Let t(x) = 3*x**2 + 14 + u*x - 11*x - 5. What is the tens digit of t(8)?
2
Suppose -121*n = -125*n. Let h(m) be the third derivative of 5*m**4/24 + 5*m**3/2 + 13*m**2. What is the tens digit of h(n)?
1
Let d = 7490 - 1495. What is the tens digit of d?
9
Let z = 28 + -40. Let p be 36/z + (-8)/(-1). Suppose -2*w + p*w - 132 = 0. What is the tens digit of w?
4
Let v(t) = -t**3 + 7*t**2 - 2*t + 6. Let y be v(7). L